{"id":59,"date":"2023-09-06T17:18:31","date_gmt":"2023-09-06T16:18:31","guid":{"rendered":"https:\/\/beastfutsal.com\/?page_id=59"},"modified":"2024-09-05T18:24:56","modified_gmt":"2024-09-05T17:24:56","slug":"why-futsal","status":"publish","type":"page","link":"https:\/\/beastfutsal.com\/?page_id=59","title":{"rendered":"Why Futsal?"},"content":{"rendered":"<div  data-label=\"Content\" data-id=\"content--1\" data-export-id=\"content-12\" data-category=\"content\" class=\"content-12 content-section content-section-spacing white-text\" id=\"content-1\" style=\"background-color: rgb(9, 9, 9); background-image: none;\"><div  class=\"gridContainer\"> <div  class=\"row text-center\"><div  class=\"section-title-col\" data-type=\"column\"> <h2  class=\"\" style=\"border-bottom-color: rgb(112, 239, 33);\">The Name<\/h2> <p  class=\"lead\">Futsal comes from the Portuguese futebol de sal\u00e3o and from the Spanish f\u00fatbol sala or f\u00fatbol de sal\u00f3n (all translatable as \u201cindoor football\u201d). During its second world championships held in&nbsp;Madrid&nbsp;in 1985, the Spanish name f\u00fatbol sala was used. The&nbsp;World Futsal Association&nbsp;registered the name futsal in 1985, following a dispute with&nbsp;FIFA&nbsp;over the name f\u00fatbol. Since then, futsal has become the officially and internationally accepted name, and FIFA has also started using the term.<\/p><\/div> <\/div> <div  class=\"row center-xs middle-xs\"> <div  class=\"col-sm-9\" data-type=\"column\"> <\/div> <\/div><\/div> <\/div><div  data-label=\"Content\" data-id=\"content--2\" data-export-id=\"content-2\" data-category=\"content\" class=\"content-2 content-section content-section-spacing white-text\" id=\"content-2\" style=\"background-color: rgb(0, 0, 0); background-image: none;\"><div > <div  class=\"row middle-xs\"><div  class=\"col-sm-5 bg-image shadow-large-black\" data-bg=\"image\" style=\"background-image: url(&quot;http:\/\/beastfutsal.com\/wp-content\/uploads\/2023\/06\/cropped-beastnike-e1686336366105-3.png&quot;);\"><\/div> <div  class=\"col-sm-7 full-col-left-padding full-col-right-padding\"> <div  class=\"row\"> <div  data-type=\"column\" class=\"space-bottom-small content-title-col\">  <h2  class=\"\" style=\"border-bottom-color: rgb(112, 239, 33);\">\u200bThe History<\/h2> <p  class=\"\">Futsal comes from the Portuguese futebol de sal\u00e3o and from the Spanish f\u00fatbol sala or f\u00fatbol de sal\u00f3n (all translatable as \u201cindoor football\u201d). During its second world championships held in&nbsp;Madrid&nbsp;in 1985, the Spanish name f\u00fatbol sala was used. The&nbsp;World Futsal Association&nbsp;registered the name futsal in 1985, following a dispute with&nbsp;FIFA&nbsp;over the name f\u00fatbol. Since then, futsal has become the officially and internationally accepted name, and FIFA has also started using the term.<\/p><\/div> <\/div> <div  class=\"row spaced-cols \" data-type=\"row\"> <div  class=\"col-xs-6\" data-type=\"column\">  <\/div>    <\/div><\/div> <\/div><\/div> <\/div><div  data-label=\"Content\" data-id=\"content--3\" data-export-id=\"content-3\" data-category=\"content\" class=\"content-3 content-section content-section-spacing white-text\" id=\"content-3\" style=\"background-color: rgb(0, 0, 0); background-image: none;\"><div > <div  class=\"row middle-xs\"><div  class=\"col-sm-7 full-col-left-padding full-col-right-padding\"> <div  class=\"row\"><div  data-type=\"column\" class=\"space-bottom-small content-title-col\">  <h2  class=\"\" style=\"border-bottom-color: rgb(112, 239, 33);\">The Benefits<\/h2> <p  class=\"\">Futsal is a form of fast flowing five-a-side football that allows the promotion of individual close ball skills. These skills are developed through an increased number of touches and reduced amount of space, demanding players to have heightened reflexes and make rapid in game decisions.<br >\n\u200b<br >\nThe game has been designed to promote the use of attacking flair, providing an intense, all-action game that allows players to be at their most creative.<br >\n\u200b<br >\nFutsal has also had a hand in developing footballing superstars, with the top three from the 2009, 2011, 2015 and 2017 Ballon D\u2019or awards Lionel Messi, Cristiano Ronaldo, Xavi (2009 and 2011) and Neymar (2015 and 2017) all starting their football careers playing in futsal.<br >\n\u200b<\/p><\/div> <\/div> <div  class=\"row spaced-cols\" data-type=\"row\"> <div  class=\"col-xs-6\" data-type=\"column\">  <\/div>    <\/div><\/div> <div  class=\"col-sm-5 bg-image shadow-large-black revert-classes-holder\" data-bg=\"image\" style=\"background-image: url(&quot;http:\/\/beastfutsal.com\/wp-content\/uploads\/2023\/09\/cropped-IMG_9036-1-1.jpg&quot;);\"><\/div><\/div> <\/div><\/div><div  data-label=\"Content\" data-id=\"content--4\" data-export-id=\"content-11\" data-category=\"content\" class=\"content-11 content-section content-section-spacing white-text\" id=\"content-4\" style=\"background-color: rgb(0, 0, 0); background-image: none;\"><div  class=\"gridContainer\"> <div  class=\"row text-center\"><div  class=\"section-title-col\" data-type=\"column\">  <\/div> <\/div> <div  class=\"row center-xs middle-xs\"> <div  class=\"col-sm-9\"> <div  class=\"lightbox-video lightbox-video-tall dark-overlay shadow-large flexbox middle-xs center-xs\" data-type=\"group\" data-bg=\"image\" style=\"background-image: url(&quot;http:\/\/beastfutsal.com\/wp-content\/uploads\/2023\/09\/cropped-thumbnailfff-1.png&quot;);\"> <a  data-fancybox=\"\" data-video-lightbox=\"true\" href=\"#\"> <i  data-cp-fa=\"true\" class=\"fa video-icon fa-angle-down color-white\"><\/i><\/a> <\/div><\/div> <\/div><\/div> <\/div>","protected":false},"excerpt":{"rendered":"<p>The Name Futsal comes from the Portuguese futebol de sal\u00e3o and from the Spanish f\u00fatbol sala or f\u00fatbol de sal\u00f3n (all translatable as \u201cindoor football\u201d). During its second world championships held in&nbsp;Madrid&nbsp;in 1985, the Spanish name f\u00fatbol sala was used. The&nbsp;World Futsal Association&nbsp;registered the name futsal in 1985, following a dispute with&nbsp;FIFA&nbsp;over the name f\u00fatbol.&hellip; <br \/> <a class=\"read-more\" href=\"https:\/\/beastfutsal.com\/?page_id=59\">Read more<\/a><\/p>\n","protected":false},"author":1,"featured_media":0,"parent":0,"menu_order":0,"comment_status":"closed","ping_status":"closed","template":"pro\/page-templates\/full-width-page.php","meta":{"_mi_skip_tracking":false,"_monsterinsights_sitenote_active":false,"_monsterinsights_sitenote_note":"","_monsterinsights_sitenote_category":0,"footnotes":""},"class_list":["post-59","page","type-page","status-publish","hentry"],"aioseo_notices":[],"_links":{"self":[{"href":"https:\/\/beastfutsal.com\/index.php?rest_route=\/wp\/v2\/pages\/59","targetHints":{"allow":["GET"]}}],"collection":[{"href":"https:\/\/beastfutsal.com\/index.php?rest_route=\/wp\/v2\/pages"}],"about":[{"href":"https:\/\/beastfutsal.com\/index.php?rest_route=\/wp\/v2\/types\/page"}],"author":[{"embeddable":true,"href":"https:\/\/beastfutsal.com\/index.php?rest_route=\/wp\/v2\/users\/1"}],"replies":[{"embeddable":true,"href":"https:\/\/beastfutsal.com\/index.php?rest_route=%2Fwp%2Fv2%2Fcomments&post=59"}],"version-history":[{"count":6,"href":"https:\/\/beastfutsal.com\/index.php?rest_route=\/wp\/v2\/pages\/59\/revisions"}],"predecessor-version":[{"id":257,"href":"https:\/\/beastfutsal.com\/index.php?rest_route=\/wp\/v2\/pages\/59\/revisions\/257"}],"wp:attachment":[{"href":"https:\/\/beastfutsal.com\/index.php?rest_route=%2Fwp%2Fv2%2Fmedia&parent=59"}],"curies":[{"name":"wp","href":"https:\/\/api.w.org\/{rel}","templated":true}]}}